umber?
False
Suppose 4*r + 340 = -3*a + 2363, 0 = 4*r - a - 2035. Let n = r - -659. Is n a composite number?
True
Suppose 297*q - 299*q = -61514. Is q a composite number?
False
Suppose -4*t - 2 = -14. Suppose i - t*x = x + 779, -3*i - x = -2389. Suppose 3*a - 5*l = i, -l + 643 = 5*a - 682. Is a a prime number?
False
Let k(w) = 32*w**2 - 3*w. Let i be k(2). Suppose -o + 713 = i. Is o prime?
False
Let d be -1*(-3)/(-6) + 4/8. Suppose -w + 3*w - 14438 = d. Is w a composite number?
False
Let i be (21/6)/((-5)/(-40)). Suppose z = -2*l + 162 + 214, 0 = 5*z + 20. Suppose l = 2*h - i. Is h composite?
False
Suppose -4*x = 4*b - 11236, -3*b + 6046 - 432 = 2*x. Is x a prime number?
False
Suppose -b + 80 = -5*d + 3*b, -4*d - 2*b = 90. Let k = d - -26. Is k composite?
True
Let b = 480 + -88. Let p = -73 + b. Is p prime?
False
Let t = -24 + 20. Let u be t/14 - 3320/(-7). Let x = 885 - u. Is x prime?
False
Suppose 0 = 4*o - 374 - 402. Suppose -4*l = -o + 598. Let c = l - -267. Is c a composite number?
True
Is 5502/8 + 80/64 a prime number?
False
Let y = 2288 + -250. Is y a composite number?
True
Let y(n) = 7*n**2 - 11*n - 449. Is y(35) a composite number?
False
Let o = -38 - -43. Suppose o*z = 5, 2*q + 3*z - 100 = z. Is q a prime number?
False
Let c(p) = -p**2 - 8*p + 48647. Is c(0) a prime number?
True
Suppose 15*a - 8932 = 18773. Is a a composite number?
False
Suppose -38*a + 41557 = -1202905. Is a composite?
False
Let j = 2105 + 2096. Is j prime?
True
Suppose -4 = -6*w + 4*w, -2883 = -m - 2*w. Is m a composite number?
False
Suppose 2*c - 33847 + 7781 = 0. Is c a prime number?
True
Let u = -119 - -123. Suppose -n + 63 = -u*x + 1544, 4*x + n = 1487. Is x composite?
True
Let l be (35 - 0)*3/5. Let f be (-2)/6 - (-7)/l. Let w(b) = b**3 + b**2 + b + 89. Is w(f) composite?
False
Let p(g) = -12*g**2 + 3*g - 2. Let h(n) = -n**3 - 12*n**2 - 12*n - 12. Let q be h(-11). Let c(t) = -t - 1. Let f(m) = q*c(m) - p(m). Is f(5) a composite number?
False
Let v(y) = -6*y**3 + 1 + 0*y + 2*y**2 + 3 - y - 4*y**3. Let s be v(-3). Suppose s = 3*d + 4*b, 2*b = -4*d + 3*d + 99. Is d a prime number?
True
Suppose 4*s + 18*h - 22*h = 11604, 3*h - 14521 = -5*s. Is s a composite number?
False
Let k = 2862 + 9919. Is k composite?
False
Let u(h) = 30*h - 3 + 3*h**3 - 1 - 32*h - 3 + 4*h**2. Let b be u(-3). Let g = b - -81. Is g composite?
True
Let i(h) = 67*h**2 + 8*h - 11. Is i(10) composite?
True
Suppose -117 = -4*r + 7. Let o = r + -29. Suppose -o*j = -5*a + 3*j + 3735, -3*a + 2209 = 5*j. Is a composite?
False
Let t(u) = u**3 - 3*u + 3. Let y be t(-3). Suppose 652 = 2*f + 3*c, -3*f + 0*c + c + 1000 = 0. Let n = f + y. Is n prime?
True
Let p be (1 - 2)/((-3)/6). Suppose -15*h + 10*h = -25. Suppose 2694 = 4*j - p*a, 0*j + 3*a = -h*j + 3362. Is j a prime number?
True
Let f(h) = h**2 + h + 2. Let i be f(-2). Suppose -i*x - 1378 = -2*u, u - 2*u + x = -684. Is u prime?
False
Let v be 80/(-12)*(-162)/(-4). Let s = v + 522. Suppose -5*n + 319 = -3*g, 0*n + 4*g + s = 4*n. Is n prime?
False
Let l(q) = 3*q + 11. Let y be l(-4). Is 43/((2/(-6))/y) prime?
False
Suppose -95 = 4*u + u. Let j(c) = -211*c - 3. Is j(u) composite?
True
Suppose -12822 + 2682 = -5*a. Let l = a - 767. Is l a prime number?
False
Let z = 2528 - 1607. Is z a prime number?
False
Let s(u) = -u**2 - 5*u + 10393. Is s(0) a prime number?
False
Suppose -10*c + 5*c + 20935 = 0. Is c prime?
False
Let u be (-5 - (-2 - 0))*(-5880)/72. Suppose 2*c - 6*c = -12. Suppose -6 + 490 = 2*s - c*q, -s + 3*q = -u. Is s prime?
True
Suppose 17 + 1 = 6*s. Let z(a) = -a**s + 10*a - 8*a + 1 - 2*a**3 + 2*a**3 + a**2. Is z(-5) a composite number?
True
Suppose -4*w - 4*z = -7*w + 36245, z = 2*w - 24160. Is w a composite number?
True
Let i(f) = 39*f**2 + f - 1. Let x be i(7). Suppose 3*b + 3*k - 1440 = 0, -4*b + x = 4*k - k. Suppose -2*j = 3*m - b, 0 = -4*j + 12. Is m a prime number?
True
Let m(z) be the first derivative of z**4/4 + 2*z**3/3 + z**2/2 + 1003*z + 26. Is m(0) composite?
True
Suppose -c = 30 + 5. Let m be (2674/c)/((-2)/10). Let b = 543 - m. Is b a prime number?
False
Suppose 5*h = 4*o - 135, 0 = 2*o - 0*o + 4*h - 74. Let w be (o/14)/((-1)/(-14)). Let u = w + -21. Is u composite?
True
Let z be 0/7 - (-32 + 2)/1. Is 10088/10 + 6/z composite?
False
Let g be 3/2 - (-18)/12. Suppose 4 = j + 3*x + x, -4*j - 3*x + g = 0. Suppose 0 = -4*h - 5*b + 1314, j*h + b = h - 333. Is h a prime number?
True
Let h(g) = 2 - 226*g + 8 - 7. Is h(-4) a composite number?
False
Suppose 3*c + 2*k = -2*c + 8, -4*c + 3 = 5*k. Suppose 0 = -4*n + 2*b + 716, n + n + c*b = 346. Is n prime?
False
Suppose 58845 = 3*c + 2*f, 4*c - 3*f - 86001 + 7541 = 0. Is c a prime number?
False
Let s(o) = -o**2 + 2*o + 4. Let i be s(2). Suppose -4 = -i*n, -4*y + 13804 = -4*n - 24812. Is y composite?
True
Suppose 0 = -2*b - 87 + 309. Let y = -73 + b. Suppose -4*m - y = -190. Is m prime?
False
Let d = -3750 + 5723. Is d a composite number?
False
Is 7017/2*(-12)/(-9)*1 a prime number?
False
Let r = 9 + -13. Let q be (0 - 0)/(r/4). Suppose q = 5*w - 15, z - 4*w - 66 = 209. Is z a composite number?
True
Suppose -2*u = 632 + 518. Let d = 1186 + u. Is d a composite number?
True
Let f(i) = i. Let o(h) = -8*h + 41. Let y(d) = 4*f(d) - o(d). Is y(22) a composite number?
False
Suppose 4*b + 1 + 5 = -2*f, -5*b - 18 = -f. Suppose 29 = f*s - 2*p, -3*s - p + 57 = 2*s. Is s a prime number?
True
Let o = -41 - -37. Is (-269)/o + ((-92)/(-16) - 6) composite?
False
Let l(g) = 12 - 2*g + 4 - 27. Let a be l(-7). Is 18/12*470/a a prime number?
False
Let c be (-2)/(-6)*9/12*12. Suppose -4*j - 43 = -y, -c*y = -2*y + 2*j - 43. Is y a composite number?
False
Let z(q) = -q - 3*q**3 - q**3 + 3*q**3 + 239 - 150. Let g = -1 + 1. Is z(g) prime?
True
Let z(u) = u**2 + 4*u + 20. Let l be z(0). Suppose l*x = 14*x + 17790. Is x prime?
False
Suppose -4*p = k - 10, -p - 2*p - 2 = -4*k. Suppose p*m = -10, -29 = -3*v - m + 5*m. Suppose 0*j - 181 = -2*y + j, -5*y + 454 = -v*j. Is y prime?
True
Let k(z) = -z**2 + 57*z + 9. Is k(35) a prime number?
False
Let b(u) = 22*u**3 - 11*u**2 - 11*u - 31. Is b(7) a composite number?
False
Let g(a) = a. Let r be g(-3). Let i be 3 - (0 - -3) - r. Is (i/(-5))/((-6)/390) a prime number?
False
Let g be 2 - 32/(2 - 6). Suppose -2*y = -g, 0 = -r + y + 33 + 59. Is r composite?
False
Let p(n) = n**3 - 3*n**2 + 8*n + 4. Let r(o) = o**3 - 2*o**2 + 9*o + 5. Let z(j) = -6*p(j) + 5*r(j). Is z(4) composite?
False
Suppose 0 = d - 2*m - 41, 6*d - 172 = d - m. Suppose -1843 = -d*o + 16*o. Is o composite?
False
Let w(v) = -49*v - 1. Let i(n) = -50*n - 2. Let g(b) = 2*i(b) - 3*w(b). Is g(4) prime?
False
Let i = 907 - 549. Suppose -5*c - i = -3*a, 4*c + 778 - 203 = 5*a. Is a a composite number?
True
Let s = 11 - 7. Is (-478)/(-4 + s - 2) a prime number?
True
Let w = 16 + -14. Let k be (1 - (w - 3))*1. Suppose -422 = -3*a - k*s, -245 = -2*a + s + 41. Is a composite?
True
Suppose -10 = -k + 2. Let i(v) = -v + 14. Let h be i(k). Is 397/5 - h/5 a prime number?
True
Suppose -75 = -l - 71. Suppose -1097 - 488 = -b - 3*a, -l*b + a = -6314. Is b composite?
False
Suppose 0 = 29*r + 3*r - 920992. Is r composite?
True
Let w = -11 - -15. Suppose 6 = 2*h - w*x, 2*h = -5*x + 4 + 2. Is (6/4)/(h/268) prime?
False
Let j be -2 - (-3 - (-2 - -5)). Let w(s) = 5*s**2. Let g be w(-1). Suppose r + 229 = 3*r + g*z, -j*z - 528 = -4*r. Is r prime?
True
Let d(w) = -3*w**3 - 6*w**2 - 8*w - 3. Let h(i) = 2*i**3 + 7*i**2 + 8*i + 2. Let u(z) = 3*d(z) + 4*h(z). Let s = -308 - -316. Is u(s) a prime number?
True
Suppose 0 = -3*t + 7 + 2. Suppose t*j + j - 2*p - 10132 = 0, -5*j = 5*p - 12635. Is j composite?
False
Is (4563 - -4) + 2 + (3 - 5) composite?
False
Let i(m) = 12*m + 45. Let d be i(-6). Is 1567 + 1 + d/18*2 a prime number?
False
Let b = 2 + 1. Let a(f) = -f**2 + 6*f - 4. Let n be a(b). Suppose -n*k + 283 + 772 = 0. Is k a prime number?
True
Let z(k) = -4*k**3 + 3*k**2 - 5*k + 7. Is z(-4) prime?
True
Suppose -4*u + 38 - 14 = 0. Let q(d) = -1. Let i(k) = -89*k - 3. Let w(n) = u*q(n) - i(n). Is w(4) a prime number?
True
Let j = -14352 - -23857. Is j prime?
False
Suppose 0 = -4*a - 2 + 22. Suppose -2*p - 2*c + 270 = 0, c = a*p - 4*c - 635. Is p a prime number?
True
Let n(u) = 4*u + 45 - 6*u + 24. Let t be (4 - 4)/(1/(-1)). Is n(t) a prim